ided by 203?
200
What is the remainder when 3117 is divided by 348?
333
Calculate the remainder when 125 is divided by 38.
11
What is the remainder when 151400 is divided by 186?
182
What is the remainder when 27233 is divided by 1279?
374
What is the remainder when 3757 is divided by 485?
362
What is the remainder when 29913 is divided by 6?
3
Calculate the remainder when 14818 is divided by 1850.
18
Calculate the remainder when 7090 is divided by 394.
392
Calculate the remainder when 44717 is divided by 22351.
15
What is the remainder when 2214 is divided by 53?
41
What is the remainder when 5981 is divided by 5975?
6
What is the remainder when 179544 is divided by 315?
309
Calculate the remainder when 3574 is divided by 3568.
6
What is the remainder when 611481 is divided by 165?
156
What is the remainder when 27007 is divided by 13371?
265
What is the remainder when 1352 is divided by 628?
96
What is the remainder when 6026 is divided by 108?
86
Calculate the remainder when 17210 is divided by 151.
147
Calculate the remainder when 10879 is divided by 36.
7
What is the remainder when 168248 is divided by 142?
120
Calculate the remainder when 99918 is divided by 5.
3
What is the remainder when 33663 is divided by 601?
7
Calculate the remainder when 4139 is divided by 436.
215
Calculate the remainder when 122362 is divided by 15290.
42
What is the remainder when 6269 is divided by 1564?
13
What is the remainder when 2644 is divided by 1305?
34
What is the remainder when 534 is divided by 272?
262
What is the remainder when 47508 is divided by 1?
0
Calculate the remainder when 3100577 is divided by 14.
11
Calculate the remainder when 5782 is divided by 2886.
10
What is the remainder when 2352 is divided by 1035?
282
Calculate the remainder when 493 is divided by 162.
7
Calculate the remainder when 2035 is divided by 683.
669
Calculate the remainder when 153620 is divided by 263.
28
Calculate the remainder when 25310 is divided by 13.
12
What is the remainder when 3991 is divided by 3683?
308
Calculate the remainder when 8868 is divided by 211.
6
What is the remainder when 662782 is divided by 43?
23
What is the remainder when 28989 is divided by 36?
9
What is the remainder when 1410 is divided by 511?
388
Calculate the remainder when 67279 is divided by 7.
2
What is the remainder when 3469 is divided by 3467?
2
Calculate the remainder when 42011 is divided by 778.
777
Calculate the remainder when 970 is divided by 346.
278
Calculate the remainder when 114635 is divided by 315.
290
Calculate the remainder when 12229 is divided by 191.
5
Calculate the remainder when 3367 is divided by 1668.
31
Calculate the remainder when 2071462 is divided by 193.
186
What is the remainder when 4239 is divided by 306?
261
Calculate the remainder when 6373 is divided by 373.
32
Calculate the remainder when 2415 is divided by 21.
0
Calculate the remainder when 21129 is divided by 9.
6
Calculate the remainder when 991 is divided by 573.
418
What is the remainder when 5303 is divided by 45?
38
Calculate the remainder when 568478 is divided by 17.
15
What is the remainder when 148888 is divided by 683?
677
Calculate the remainder when 32315 is divided by 243.
239
Calculate the remainder when 52214 is divided by 26091.
32
What is the remainder when 8466 is divided by 160?
146
What is the remainder when 18355 is divided by 67?
64
What is the remainder when 21658 is divided by 98?
0
What is the remainder when 3357 is divided by 1674?
9
What is the remainder when 408239 is divided by 140?
139
What is the remainder when 1621650 is divided by 281?
280
Calculate the remainder when 29390 is divided by 891.
878
Calculate the remainder when 1284 is divided by 1244.
40
Calculate the remainder when 430120 is divided by 114.
112
What is the remainder when 100272 is divided by 175?
172
Calculate the remainder when 32840 is divided by 1824.
8
What is the remainder when 17348 is divided by 251?
29
Calculate the remainder when 37867 is divided by 72.
67
Calculate the remainder when 36299 is divided by 121.
120
Calculate the remainder when 1520 is divided by 38.
0
What is the remainder when 2656 is divided by 261?
46
Calculate the remainder when 8510 is divided by 42.
26
Calculate the remainder when 326931 is divided by 82.
79
Calculate the remainder when 24447 is divided by 12.
3
Calculate the remainder when 5398 is divided by 1281.
274
Calculate the remainder when 1907 is divided by 471.
23
What is the remainder when 258157 is divided by 20?
17
What is the remainder when 11808 is divided by 215?
198
What is the remainder when 519167 is divided by 167?
131
What is the remainder when 1349356 is divided by 51?
49
What is the remainder when 37284 is divided by 362?
360
What is the remainder when 14437 is divided by 793?
163
What is the remainder when 15716 is divided by 15654?
62
Calculate the remainder when 19181 is divided by 918.
821
What is the remainder when 5982 is divided by 105?
102
What is the remainder when 31710 is divided by 1321?
6
Calculate the remainder when 8898 is divided by 117.
6
What is the remainder when 346 is divided by 68?
6
Calculate the remainder when 16087 is divided by 900.
787
What is the remainder when 15522 is divided by 65?
52
Calculate the remainder when 2457349 is divided by 49.
48
Calculate the remainder when 11758 is divided by 48.
46
Calculate the remainder when 540 is divided by 76.
8
Calculate the remainder when 593334 is divided by 1364.
1358
What is the remainder when 113973 is divided by 37978?
39
What is the remainder when 4859 is divided by 139?
133
What is the remainder when 146257 is divided by 102?
91
Calculate the remainder when 511446 is divided by 95.
61
Calculate the remainder when 135 is divided by 53.
29
What is the remainder when 4804 is divided by 39?
7
Calculate the remainder when 937184 is divided by 120.
104
Calculate the remainder when 20635934 is divided by 74.
72
What is the remainder when 801 is divided by 466?
335
Calculate the remainder when 7326 is divided by 744.
630
Calculate the remainder when 414877 is divided by 169.
151
What is the remainder when 224779 is divided by 5?
4
Calculate the remainder when 127454 is divided by 224.
222
What is the remainder when 6155 is divided by 19?
18
Calculate the remainder when 10553 is divided by 176.
169
Calculate the remainder when 5086 is divided by 695.
221
What is the remainder when 6751 is divided by 1337?
66
Calculate the remainder when 112243 is divided by 88.
43
What is the remainder when 68368 is divided by 4021?
11
Calculate the remainder when 5260 is divided by 34.
24
Calculate the remainder when 59417 is divided by 61.
3
Calculate the remainder when 20412 is divided by 887.
11
What is the remainder when 52528 is divided by 956?
904
Calculate the remainder when 52918 is divided by 168.
166
What is the remainder when 2050 is divided by 401?
45
What is the remainder when 8878 is divided by 2869?
271
What is the remainder when 3151 is divided by 28?
15
What is the remainder when 494411 is divided by 86?
83
Calculate the remainder when 111837 is divided by 18627.
75
What is the remainder when 51937 is divided by 702?
691
What is the remainder when 368839 is divided by 200?
39
Calculate the remainder when 171196 is divided by 18.
16
What is the remainder when 440174 is divided by 244?
242
What is the remainder when 3323363 is divided by 132?
131
Calculate the remainder when 2129 is divided by 643.
200
Calculate the remainder when 446 is divided by 56.
54
What is the remainder when 10750 is divided by 143?
25
What is the remainder when 438247 is divided by 125?
122
What is the remainder when 13362 is divided by 94?
14
Calculate the remainder when 6108 is divided by 1992.
132
Calculate the remainder when 4715 is divided by 676.
659
Calculate the remainder when 923952 is divided by 22.
18
What is the remainder when 8838 is divided by 68?
66
What is the remainder when 2922 is divided by 129?
84
Calculate the remainder when 351341 is divided by 397.
393
What is the remainder when 393447 is divided by 17?
16
What is the remainder when 99317 is divided by 20?
17
Calculate the remainder when 13967 is divided by 1397.
1394
What is the remainder when 89369 is divided by 18?
17
Wha